alculate t(-2).
-25
Let r(c) = 33*c**3 + c**2 + 50*c - 100. What is r(2)?
268
Let l(g) = -301*g + 33721. Determine l(112).
9
Let j(h) = 13*h + 703. Calculate j(-54).
1
Let x(i) = i**3 - 35*i**2 - 114*i + 194. Calculate x(38).
194
Let z(r) = r**2 + 348*r + 26422. Determine z(-236).
-10
Let k(f) = -419*f + 2977. What is k(7)?
44
Let f(t) = 11*t - 707. Give f(81).
184
Let d(v) = -31*v**2 + 211*v + 3. Calculate d(7).
-39
Let g(w) = 2*w**2 + 34*w + 166. What is g(-17)?
166
Let u(t) = t**3 - 101*t**2 + 2245*t - 36. Give u(33).
-3
Let c(q) = q**3 - 98*q**2 - 438*q + 3078. What is c(102)?
18
Let d(h) = -64*h - 1717. Calculate d(-28).
75
Let v(t) = -7*t**2 + 139*t - 747. What is v(6)?
-165
Let k(i) = -i**3 + 30*i**2 - 199*i + 39. Give k(10).
49
Let b(o) = -o**3 + 12*o**2 - 43*o + 37. What is b(5)?
-3
Let d(w) = w**3 + 7*w**2 + 9*w - 20. Calculate d(-4).
-8
Let x(a) = 3622*a - 14480. Give x(4).
8
Let u(p) = p**3 + 41*p**2 - 23*p + 2730. What is u(-43)?
21
Let h(c) = c**2 - 23*c + 112. What is h(15)?
-8
Let l(z) = 2*z**3 + 28*z**2 + 60*z - 214. What is l(-6)?
2
Let h(c) = 47*c - 251. Determine h(15).
454
Let d(k) = 51*k**2 - 614*k + 13. Give d(12).
-11
Let k(g) = -117*g + 133. Give k(3).
-218
Let h(b) = -31*b**2 - 92*b - 2. Calculate h(-3).
-5
Let s(z) = -21*z - 1628. Give s(-77).
-11
Let h(m) = -3*m**3 - 20*m**2 + 20*m + 107. Calculate h(-9).
494
Let z(a) = -175*a + 21119. What is z(121)?
-56
Let h(g) = -174*g + 30088. Determine h(173).
-14
Let p(b) = 215*b - 1939. What is p(9)?
-4
Let k(u) = -148*u**3 + 3*u**2 - u. Give k(1).
-146
Let m(z) = -26*z**2 + 1219*z + 95. What is m(47)?
-46
Let o(a) = 18*a**3 - 2*a**2 - a + 1. Give o(1).
16
Let a(h) = -178*h - 3905. Calculate a(-22).
11
Let a(i) = -i**3 - 4*i**2 - 3*i - 17. Calculate a(-4).
-5
Let o(q) = -262*q + 13627. Give o(52).
3
Let x(p) = -p**3 - 54*p**2 + 292*p - 261. Calculate x(-59).
-84
Let n(v) = v**2 - 19*v + 22. What is n(15)?
-38
Let c(q) = 13*q**2 + 189*q - 63. Give c(-15).
27
Let u(j) = -3*j**2 - 7*j + 27. Determine u(-4).
7
Let q(x) = -14*x**3 + 279*x**2 + 21*x - 35. What is q(20)?
-15
Let j(g) = g**2 + 889*g + 5303. Determine j(-6).
5
Let u(c) = 6*c**3 + 8*c**2 - 16. What is u(-5)?
-566
Let f(y) = -29*y**3 + 5*y**2 - 3*y + 13. Calculate f(2).
-205
Let b(o) = -6*o**2 + 21*o + 62. What is b(-3)?
-55
Let l(w) = 3*w**3 - 110*w**2 - 32*w - 107. Give l(37).
78
Let u(c) = -c**3 + 11*c**2 - 17*c - 24. What is u(9)?
-15
Let c(p) = -7*p**2 + 102*p + 28. Give c(15).
-17
Let y(k) = k**2 - 32*k - 457. What is y(-11)?
16
Let a(k) = 86*k - 1093. Give a(12).
-61
Let n(c) = 279*c + 1403. What is n(-5)?
8
Let j(a) = -730*a - 57630. Determine j(-79).
40
Let q(d) = -d**2 - 79*d - 747. Determine q(-10).
-57
Let b(l) = 4*l**2 + l - 33. Calculate b(-6).
105
Let m(o) = -1555*o - 7769. What is m(-5)?
6
Let k(j) = 157*j + 163. Determine k(-1).
6
Let b(v) = 4*v - 52. Calculate b(0).
-52
Let y(d) = 615*d - 3645. Calculate y(6).
45
Let x(z) = z**3 + 9*z**2 - 57*z - 460. Calculate x(-10).
10
Let s(h) = -3*h**2 + 663*h - 9267. Determine s(15).
3
Let n(s) = 4*s**2 + 116*s - 55. Determine n(-29).
-55
Let a(t) = 6*t**3 - 11*t - 13. What is a(-2)?
-39
Let t(r) = -r**2 + 1253*r + 34583. What is t(-27)?
23
Let i(j) = 437*j**2 - 3040*j - 16. What is i(7)?
117
Let x(f) = f**2 + 22*f + 86. Determine x(-16).
-10
Let o(m) = m**2 + 14*m + 105. What is o(-24)?
345
Let a(y) = 403*y + 2472. Give a(-6).
54
Let w(s) = -5*s**2 - 147*s + 148. What is w(1)?
-4
Let y(a) = 2*a**3 + 20*a**2 - 209*a - 2079. What is y(-9)?
-36
Let q(b) = -3*b + 60. What is q(-22)?
126
Let t(a) = a**3 - 10*a**2 - a + 112. What is t(9)?
22
Let r(u) = 105*u + 9036. Calculate r(-86).
6
Let v(n) = -379*n + 65940. Calculate v(174).
-6
Let r(p) = p**3 - 12*p**2 - 14*p - 20. Determine r(12).
-188
Let v(f) = -45*f + 739. Give v(17).
-26
Let n(w) = 6*w**2 - 14*w + 2. What is n(2)?
-2
Let p(b) = b**2 + 9*b - 20. What is p(-9)?
-20
Let b(t) = 402*t**3 - 5*t**2 + 3*t + 3. Determine b(-1).
-407
Let h(w) = 29*w**2 + 34*w - 184. What is h(5)?
711
Let v(a) = -a**3 + 3*a**2 + a - 2. Give v(3).
1
Let l(r) = -r**2 + 14*r - 109. Determine l(10).
-69
Let o(k) = -2441*k - 17087. What is o(-7)?
0
Let v(k) = k**2 - 48*k + 531. Calculate v(30).
-9
Let d(m) = 2*m**3 + 4*m + 4. What is d(-1)?
-2
Let q(b) = 2*b + 63. Calculate q(-4).
55
Let k(x) = -x**2 - 12*x + 1273. Give k(-42).
13
Let y(p) = -p**3 + 4*p**2 + 10*p + 37. Determine y(6).
25
Let c(j) = 30*j - 313. Give c(11).
17
Let s(f) = -f**3 - 26*f**2 - 20*f + 115. What is s(-25)?
-10
Let y(h) = -3431*h - 44637. Give y(-13).
-34
Let i(t) = -5*t**2 + 94*t + 618. Give i(24).
-6
Let z(a) = -6*a**3 - 22*a + 49. Calculate z(2).
-43
Let c(x) = x**3 - 123*x**2 + 106*x + 1955. Give c(122).
3
Let a(n) = -3386*n + 13545. Determine a(4).
1
Let v(b) = 89*b + 522. Determine v(-5).
77
Let f(n) = 12*n + 1063. What is f(-87)?
19
Let p(x) = -215*x - 1073. Determine p(-5).
2
Let k(u) = 45*u - 15892. What is k(353)?
-7
Let c(x) = -10*x**2 - 217*x - 114. What is c(-21)?
33
Let x(r) = 13*r**3 + 15*r**2 - 32*r + 3. Calculate x(3).
393
Let c(q) = -20*q + 950. Give c(21).
530
Let c(j) = -j**3 + 11*j**2 + 19*j + 11. Calculate c(10).
301
Let m(z) = 40*z**2 - 361*z + 1092. Give m(3).
369
Let z(d) = -d**3 - 6*d**2 + 46*d + 9. Give z(-9).
-162
Let r(x) = 5*x**3 - 26*x**2 + 85*x - 655. Determine r(6).
-1
Let z(c) = -48*c + 408. What is z(9)?
-24
Let c(v) = 7*v**2 + 164*v - 95. Calculate c(-24).
1
Let b(m) = -37*m**2 + 33*m - 1. Give b(2).
-83
Let r(y) = 8*y**2 + 75*y - 147. Calculate r(-11).
-4
Let v(l) = -l**2 + 69*l - 369. Determine v(6).
9
Let k(m) = 10*m - 227. Determine k(10).
-127
Let u(t) = 689*t - 2835. Give u(4).
-79
Let h(r) = -76*r + 976. Calculate h(13).
-12
Let j(o) = 37*o + 79. Calculate j(-4).
-69
Let v(h) = 70*h - 504. Calculate v(5).
-154
Let r(z) = 13*z**2 + 2*z + 3. What is r(3)?
126
Let n(x) = -20*x - 891. Calculate n(-45).
9
Let z(u) = -44*u - 1027. Determine z(-23).
-15
Let u(r) = 2*r**2 + 9*r - 101. Calculate u(-8).
-45
Let o(k) = -3*k**2 + 156*k - 127. Determine o(0).
-127
Let o(s) = 2*s**2 - 243*s + 2185. Calculate o(112).
57
Let z(b) = b**3 + 8*b**2 - 88*b - 303. Calculate z(-3).
6
Let p(o) = -8*o**3 - 89*o**2 - 16*o - 67. What is p(-11)?
-12
Let s(p) = -2*p**2 - 85*p - 703. Determine s(-31).
10
Let w(v) = -2*v**2 - 19*v - 29. What is w(-2)?
1
Let a(g) = 19*g**2 - 30*g - 42. Give a(-6).
822
Let j(t) = -t**3 - 4*t**2 + 26*t + 48. Give j(-2).
-12
Let w(x) = -x**3 - 14*x**2 + 15*x - 17. Give w(-15).
-17
Let x(i) = 10*i**2 + 144*i + 372. Determine x(-11).
-2
Let u(t) = -3*t**3 + 9*t**2 + 24*t - 3. Determine u(-2).
9
Let x(f) = -f**3 + 5*f**2 + 14*f - 43. What is x(7)?
-43
Let d(w) = -2*w**3 - 10*w**2 + 2*w + 38. What is d(-4)?
-2
Let g(r) = -4*r**2 - 296*r - 585. Calculate g(-2).
-9
Let k(u) = 18*u**2 - 50*u + 2. Calculate k(3).
14
Let v(i) = 557*i - 3873. Give v(7).
26
Let y(f) = -f**3 - 28*f**2 - 57*f - 26. Determine y(-26).
104
Let h(p) = -4*p**2 + 328*p + 2495. What is h(-7)?
3
Let w(a) = a + 66. Determine w(-15).
51
Let s(f) = -4*f - 256. Determine s(-5).
-236
Let k(i) = 47*i - 1737. Give k(37).
2
Let y(k) = -109*k**2 + 144*k - 36. Give y(1).
-1
Let k(x) = 518*x**2 + 5189*x + 35. What is k(-10)?
-55
Let h(c) = -c**3 + 22*c**2 - 114*c - 44. What is h(12)?
28
Let s(r) = -r**2 - 24*r + 381. Determine s(11).
-4
Let x(q) = 11*q + 277. Calculate x(-10).
167
Let l(m) = -m**3 + 10*m**2 - 45*m + 103. What is l(4)?
19
Let u(y) = 1166*y - 3497. Calculate u(3).
1
Let n(o) = -14*o - 19. What is n(-15)?
191
Let k(n) = -14*n**2 - 210*n - 210. What is k(-1)?
-14
Let d(f) = f**2 + 83*f + 893. Give d(-76).
361
Let p(t) = 4*t**3 + 6*t**2 - 4*t - 19. What is p(-3)?
-61
Let q(s) = -s**2 - 60. What is q(10)?
-160
Let h(o) = 206*o**2 - 821*o - 11. Give h(4).
1
Let f(r) = 46*r - 98. Calculate f(0).
-98
Let f(r) = -r**2 - 36*r - 258. Determine f(-25).
17
Let g(a) = -12*a + 107. Determine g(13).
-49
Let n(c) = 159*c - 5243. Give n(33).
4
Let c(u) = u**3 + 14*u**2 - 49*u - 400. Determine c(-15).
110
Let k(z) = -z**3 + 72*z**2 + 68*z + 360. Calculate k(73).
-5
Let x(v) = v**3 - 10*v**2 + 11*v - 9. Determine x(6).
-87
Let x(q) = -153*q + 3481. Calculate x(23).
-38
Let g(q) = -2*q**2 - 30*q - 5. What is g(-11)?
83
Let p(h) = h**2 + 51*h - 238. Determine p(-54).
-76
